f 5626332381?
3, 23, 3545263
List the prime factors of 364862885.
5, 1627, 44851
What are the prime factors of 4489728710?
2, 5, 61, 89, 82699
List the prime factors of 197156709.
3, 21906301
List the prime factors of 189519818.
2, 67, 401, 3527
List the prime factors of 958237613.
958237613
List the prime factors of 128367968.
2, 23, 174413
List the prime factors of 20142825.
3, 5, 23, 11677
What are the prime factors of 6875360351?
6875360351
What are the prime factors of 851725786?
2, 7541, 56473
What are the prime factors of 382526054?
2, 37, 139, 37189
What are the prime factors of 51239154?
2, 3, 37, 230807
List the prime factors of 94454209.
6899, 13691
List the prime factors of 58115338.
2, 19, 107, 14293
What are the prime factors of 3320394508?
2, 17, 2467, 19793
List the prime factors of 143660615.
5, 7, 19, 349, 619
List the prime factors of 301324999.
173, 181, 9623
What are the prime factors of 2980701099?
3, 1181, 31159
What are the prime factors of 19884497?
113, 149, 1181
What are the prime factors of 821191984?
2, 31, 43, 139, 277
List the prime factors of 1080880159.
157, 1049, 6563
List the prime factors of 1170043230.
2, 3, 5, 31, 37, 919
What are the prime factors of 2312995053?
3, 3967, 194353
List the prime factors of 12290439.
3, 7, 17, 173, 199
List the prime factors of 186090337.
197, 944621
List the prime factors of 21799309.
7, 557, 5591
List the prime factors of 122810065.
5, 7, 31, 113189
What are the prime factors of 445255349?
7, 11, 587, 9851
What are the prime factors of 24213857?
24213857
What are the prime factors of 57832924?
2, 37, 390763
List the prime factors of 865387482.
2, 3, 17, 8484191
List the prime factors of 395845393.
53, 7468781
What are the prime factors of 949099725?
3, 5, 7, 602603
What are the prime factors of 11012338?
2, 5506169
List the prime factors of 3320342397.
3, 19, 19417207
List the prime factors of 649399484.
2, 162349871
What are the prime factors of 2163937647?
3, 41, 431, 40819
List the prime factors of 98455171.
151, 157, 4153
What are the prime factors of 3180255392?
2, 99382981
List the prime factors of 10092385.
5, 83, 293
What are the prime factors of 1329604594?
2, 313, 2123969
What are the prime factors of 940862601?
3, 7, 4978109
What are the prime factors of 381095798?
2, 190547899
What are the prime factors of 6340776895?
5, 41, 30930619
What are the prime factors of 122850206?
2, 29, 179, 11833
List the prime factors of 3419723159.
3419723159
What are the prime factors of 130633365?
3, 5, 613, 14207
List the prime factors of 65959947.
3, 89, 27449
List the prime factors of 1773547870.
2, 5, 177354787
List the prime factors of 336261950.
2, 5, 6725239
What are the prime factors of 2300449378?
2, 577, 1993457
What are the prime factors of 121608373?
211, 443, 1301
What are the prime factors of 288729868?
2, 7, 211, 48871
List the prime factors of 242100824.
2, 7, 31, 139459
List the prime factors of 605356984.
2, 3413, 22171
List the prime factors of 1289139505.
5, 257827901
List the prime factors of 46146669.
3, 137, 112279
What are the prime factors of 916826306?
2, 11, 43, 157, 6173
What are the prime factors of 379483316?
2, 17, 5580637
List the prime factors of 14748995.
5, 2949799
List the prime factors of 109623093.
3, 257, 142183
What are the prime factors of 111880090?
2, 5, 7, 461, 3467
What are the prime factors of 17397850?
2, 5, 347957
List the prime factors of 8266215.
3, 5, 41, 13441
List the prime factors of 1106593441.
1106593441
What are the prime factors of 17261910?
2, 3, 5, 101, 211
List the prime factors of 1254127870.
2, 5, 19, 53, 124541
List the prime factors of 36809808.
2, 3, 7, 71, 1543
List the prime factors of 122160479.
7, 83, 613
List the prime factors of 2263465414.
2, 7, 9521, 16981
What are the prime factors of 124165980?
2, 3, 5, 229937
What are the prime factors of 315684708?
2, 3, 163, 251, 643
List the prime factors of 9672214.
2, 4836107
What are the prime factors of 590574281?
11, 643, 83497
List the prime factors of 626667555.
3, 5, 41777837
List the prime factors of 1235570778.
2, 3, 13, 17, 131, 2371
List the prime factors of 163411288.
2, 29, 233, 3023
What are the prime factors of 48036865?
5, 113, 85021
List the prime factors of 452188246.
2, 226094123
What are the prime factors of 47019849?
3, 1583, 9901
What are the prime factors of 2214993886?
2, 7, 17, 23, 73, 241
What are the prime factors of 1588505577?
3, 47, 11265997
List the prime factors of 201734392.
2, 97, 259967
List the prime factors of 148302263.
1231, 120473
What are the prime factors of 948568273?
948568273
List the prime factors of 53199453.
3, 17733151
What are the prime factors of 3153255848?
2, 409, 963709
What are the prime factors of 2283819276?
2, 3, 1879, 101287
List the prime factors of 3808474974.
2, 3, 461, 458963
List the prime factors of 340782211.
7, 11, 563, 1123
List the prime factors of 1814781462.
2, 3, 13, 23266429
What are the prime factors of 261074706?
2, 3, 19, 1051, 2179
List the prime factors of 730420310.
2, 5, 71, 1028761
List the prime factors of 3538663926.
2, 3, 7, 29, 100183
List the prime factors of 64572250.
2, 5, 173, 1493
What are the prime factors of 19109759?
43, 521, 853
What are the prime factors of 2572428515?
5, 31, 37, 157, 2857
What are the prime factors of 3972424199?
15797, 251467
What are the prime factors of 358875180?
2, 3, 5, 71, 28081
List the prime factors of 537950976.
2, 3, 131, 5347
List the prime factors of 456918418.
2, 11, 17, 1221707
List the prime factors of 3453385413.
3, 19, 60585709
What are the prime factors of 86815750?
2, 5, 7, 19, 373
What are the prime factors of 1211072772?
2, 3, 7, 13, 61, 18181
What are the prime factors of 532116043?
532116043
List the prime factors of 1557789541.
7, 11, 139, 145547
What are the prime factors of 3215354559?
3, 2531, 423463
What are the prime factors of 368946599?
7, 73, 181, 3989
What are the prime factors of 3920928574?
2, 67, 29260661
List the prime factors of 2902055406.
2, 3, 23, 21029387
What are the prime factors of 1835078558?
2, 19, 137, 352493
What are the prime factors of 2026569241?
19, 241, 442579
List the prime factors of 115164041.
1481, 77761
What are the prime factors of 807503584?
2, 953, 26479
List the prime factors of 141131692.
2, 13, 2714071
What are the prime factors of 419289780?
2, 3, 5, 7, 13, 41, 1873
List the prime factors of 130706849.
7, 13, 1436339
What are the prime factors of 83746989?
3, 109, 85369
List the prime factors of 341225076.
2, 3, 47, 605009
What are the prime factors of 163759507?
4483, 36529
List the prime factors of 70756802.
2, 37, 53, 18041
List the prime factors of 511393182.
2, 3, 47, 229, 7919
List the prime factors of 8290627.
37, 224071
What are the prime factors of 436560730?
2, 5, 43656073
What are the prime factors of 5751524192?
2, 179735131
List the prime factors of 8531687820.
2, 3, 5, 197, 601, 1201
List the prime factors of 835012411.
37, 2179, 10357
List the prime factors of 1023224260.
2, 5, 51161213
List the prime factors of 18210703.
7, 131, 2837
What are the prime factors of 1920840995?
5, 107, 331, 10847
List the prime factors of 28492342.
2, 2521, 5651
List the prime factors of 234026442.
2, 3, 13, 41, 47, 173
List the prime factors of 43096190.
2, 5, 17, 253507
List the prime factors of 63560454.
2, 3, 23, 227, 2029
List the prime factors of 2814653.
29, 71, 1367
List the prime factors of 2010665540.
2, 5, 13, 7733329
List the prime factors of 1043326615.
5, 61, 541, 6323
What are the prime factors of 56539881?
3, 6282209
What are the prime factors of 32461218?
2, 3, 223, 8087
What are the prime factors of 48091846?
2, 11, 163, 13411
List the prime factors of 318068551.
2251, 141301
What are the prime factors of 848158115?
5, 7, 479, 50591
What are the prime factors of 106862094?
2, 3, 23, 359, 719
What are the prime factors of 424497885?
3, 5, 7, 173, 23369
List the prime factors of 4723766552.
2, 8243, 71633
What are the prime factors of 130769209?
313, 417793
List the prime factors of 126452923.
19, 331, 20107
List the prime factors of 7533016633.
41, 8501, 21613
What are the prime factors of 593396350?
2, 5, 2473, 4799
List the prime factors of 30280124.
2, 7, 337, 3209
List